at is 10 + 201311200?
201311210
In base 15, what is -54 + -14c?
-1a1
In base 4, what is -1020023 - -1012?
-1013011
In base 5, what is -111412 - 3200?
-120112
In base 16, what is -aa5fbc - -3?
-aa5fb9
In base 13, what is 327b - -22?
32a0
In base 3, what is 21111 - -10221?
102102
In base 8, what is 206 - -3540?
3746
In base 11, what is -783 + -969?
-1641
In base 9, what is 46737 - 173?
46554
In base 2, what is -1001100111 - 10010?
-1001111001
In base 13, what is 3c558 - -2?
3c55a
In base 16, what is 107a + 136?
11b0
In base 9, what is -17368 - -11?
-17357
In base 3, what is -2001201 + -1102020?
-10110221
In base 14, what is -bbcb + -8?
-bbd5
In base 6, what is 30 - 25235?
-25205
In base 5, what is 1204 - -330400?
332104
In base 9, what is -3 + -86876?
-86880
In base 16, what is 0 - f4449?
-f4449
In base 6, what is 3 + 543011?
543014
In base 7, what is -625063 - 4?
-625100
In base 13, what is -57 - -874?
81a
In base 14, what is -6 - -a2c6?
a2c0
In base 16, what is 5 - 26dc?
-26d7
In base 3, what is 11 - 122221002021?
-122221002010
In base 9, what is -62 - -3552?
3480
In base 6, what is 2 - -251421?
251423
In base 14, what is -3 + -228da?
-228dd
In base 13, what is 1685b - 1?
1685a
In base 10, what is 20323 - 6?
20317
In base 3, what is -120201210022 - -10?
-120201210012
In base 7, what is 2266 + -101?
2165
In base 10, what is 1 + 672888?
672889
In base 13, what is 19184 - -3?
19187
In base 15, what is -155 - 2a?
-180
In base 11, what is -8 + 239?
231
In base 6, what is 415 + 3133?
3552
In base 13, what is 2 - 2a49?
-2a47
In base 8, what is 4 + -3714576?
-3714572
In base 12, what is -b41 - -127?
-a16
In base 13, what is 126a9 + 2?
126ab
In base 16, what is 7c - -c1b?
c97
In base 8, what is -1574 + 2264?
470
In base 9, what is 132 + 124?
256
In base 10, what is 680118 + 2?
680120
In base 3, what is -2102112 + 210?
-2101202
In base 8, what is -21 + -1336?
-1357
In base 7, what is 4 + -51403?
-51366
In base 2, what is -1111 - -100110100000110?
100110011110111
In base 6, what is -112132055 + 3?
-112132052
In base 2, what is -111100111101 - 10000?
-111101001101
In base 13, what is 209c10 - -2?
209c12
In base 5, what is 22234 + 22?
22311
In base 9, what is 0 - -3873588?
3873588
In base 9, what is 4363 + -171?
4182
In base 12, what is 5 + -46b4?
-46ab
In base 4, what is -3 - -32112113?
32112110
In base 4, what is -32113322 + 11?
-32113311
In base 11, what is 5 + -216569?
-216564
In base 9, what is 5 - -2656?
2662
In base 15, what is 82d + 19a?
9c8
In base 4, what is 3 + -1122203303?
-1122203300
In base 9, what is -53127 + 0?
-53127
In base 7, what is -301320 + 4?
-301313
In base 11, what is -1 + 6134?
6133
In base 7, what is 116 - 2515?
-2366
In base 10, what is 328 + 1349?
1677
In base 10, what is -9 + 1658?
1649
In base 12, what is -17807 + -5b?
-17866
In base 10, what is 359 + -132?
227
In base 15, what is -56 + -29?
-80
In base 4, what is -31 + -11331211?
-11331302
In base 14, what is 6b + 1bb?
248
In base 4, what is 322100 + 13030?
1001130
In base 2, what is 100010001100100010101 - 0?
100010001100100010101
In base 16, what is -4513f + 2?
-4513d
In base 4, what is 102 - 1223031320?
-1223031212
In base 14, what is 19d + 14?
1b3
In base 8, what is -146253 + 12?
-146241
In base 10, what is -9 - 7727?
-7736
In base 5, what is -104213240 + -4?
-104213244
In base 6, what is -2 - -1233?
1231
In base 8, what is 1 + 13043?
13044
In base 10, what is 88 - 747?
-659
In base 2, what is -111111100001 - 111010100?
-1000110110101
In base 12, what is -339233 + -5?
-339238
In base 2, what is 100010001 - 1100100001?
-1000010000
In base 13, what is 0 - 48140?
-48140
In base 7, what is -2 + -141364?
-141366
In base 15, what is 3d + -637b?
-633d
In base 6, what is 12115 - -353?
12512
In base 14, what is -2669d + -60?
-2671d
In base 13, what is -356 - 539b?
-5724
In base 9, what is -1861 - 826?
-2787
In base 3, what is -1221 - -200200?
121202
In base 3, what is 10 + -2002120202?
-2002120122
In base 15, what is 2a0 + -a?
295
In base 3, what is 101221000 - 21020?
101122210
In base 11, what is -47a40 - 16?
-47a56
In base 16, what is -20c3 + -9a?
-215d
In base 14, what is 1a6 - -1726?
18cc
In base 13, what is 4 - -7662?
7666
In base 10, what is -3 + 2079?
2076
In base 2, what is 10111111000 - 11110101010?
-110110010
In base 14, what is -134 + 192?
5c
In base 16, what is d - 9509?
-94fc
In base 16, what is 10 - ae8c?
-ae7c
In base 8, what is -337252 + 2?
-337250
In base 4, what is 3023201 + -30?
3023111
In base 2, what is 111000110 + 111000111?
1110001101
In base 4, what is 223 - 112?
111
In base 8, what is 15576 + -4?
15572
In base 13, what is -38 - 27a?
-2b5
In base 5, what is 333 + 124411?
130244
In base 8, what is 4 - -252122?
252126
In base 11, what is 185 - 747?
-572
In base 9, what is -34656 - -12?
-34644
In base 15, what is -206de + -8?
-206e7
In base 10, what is -156 - -237?
81
In base 15, what is 497 + 14c?
5e4
In base 16, what is 1ce + 2?
1d0
In base 14, what is 19 - 623?
-608
In base 4, what is 33 - -12211?
12310
In base 13, what is 5 - 37468?
-37463
In base 9, what is 60 - -15611?
15671
In base 5, what is 2 - -2111144?
2111201
In base 10, what is 700 - -207?
907
In base 7, what is -200 + 333?
133
In base 11, what is 30919 + 1?
3091a
In base 8, what is -1 + -1256444?
-1256445
In base 3, what is -1 - -1112200120?
1112200112
In base 2, what is 110 - 1001100111000?
-1001100110010
In base 2, what is 100111111000010 - 110010?
100111110010000
In base 9, what is -28 + -1806?
-1835
In base 5, what is -2100 - -3424?
1324
In base 10, what is -2576 + -372?
-2948
In base 2, what is 1010000 - 1000101110010?
-1000100100010
In base 6, what is 0 + 1011052?
1011052
In base 16, what is 42c + -4?
428
In base 6, what is -1533124 + 0?
-1533124
In base 7, what is 16 + -105503?
-105454
In base 4, what is -1220300202 + -11?
-1220300213
In base 15, what is -82 + -292?
-324
In base 7, what is -24310 + -4?
-24314
In base 4, what is 100010321 + -2?
100010313
In base 13, what is 831 + 119?
94a
In base 2, what is 1101010101110 + -1000000101?
1100010101001
In base 2, what is 1 - -11010011001101?
11010011001110
In base 15, what is 14dae - -12?
14dc1
In base 9, what is -3 - 2383?
-2386
In base 2, what is 11010101001100 - -1?
11010101001101
In base 11, what is 784318 - 1?
784317
In base 11, what is 2a + -1263?
-1234
In base 8, what is -220003 - -11?
-217772
In base 7, what is 6366 + 116?
6515
In base 16, what is -5 + 4fe19?
4fe14
In base 9, what is -50 - -14335?
14275
In base 9, what is -51 + -624?
-675
In base 2, what is -11011 - 1101100?
-10000111
In base 16, what is 930f - a1?
926e
In base 7, what is 1116 + 134?
1253
In base 15, what is 4332 + -2?
4330
In base 6, what is -5540 - 3443?
-13423
In base 11, what is 2299 - -93?
2381
In base 6, what is 155025 + -1?
155024
In base 6, what is 33040 - 110?
32530
In base 2, what is 10110011001111111 + -11011?
10110011001100100
In base 6, what is 23 - 4251?
-4224
In base 15, what is -5 + -1457?
-145c
In base 8, what is 274 - 270?
4
In base 7, what is 11 + -4043?
-4032
In base 11, what is -31 + -2558?
-2589
In base 12, what is 136 - -4674?
47aa
In base 9, what is -3 - 48860?
-48863
In base 8, what is 240 - -111?
351
In base 4, what is -101 - -110201?
110100
In base 12, what is 400 + a9?
4a9
In base 3, what is 0 - -111222102?
111222102
In base 3, what is -221202202 + 100?
-221202102
In base 9, what is -374 - -1637?
1253
In base 13, what is 5c39 - 33?
5c06
In base 11, what is 59894 + 5?
59899
In base 8, what is 71522 + 6?
71530
In base 13, what is -46a8a + -2?
-46a8c
In base 2, what is 100101110111 + -1010010?
100100100101
In base 5, what is -233341030 + 20?
-233341010
In base 10, what is 12 + -4074?
-4062
In base 11, what is -954 + -20?
-974
In base 16, what is -3 + 8e702?
8e6ff
In base 14, what is 3 + 1492?
1495
In base 7, what is 623014 - -2?
623016
In base 12, what is 9 + -3894?
-3887
In base 10, what is 59 - 11385?
-11326
In base 16, what is -23a + cfc?
ac2
In base 5, what is 1333210 + -100?
1333110
In base 8, what is -1156 - 330?
-1506
In base 12, what is -4 + 3349?
3345
In base 4, what is -132 + -22010212?
-22011010
In base 6, what is 24301 + 14?
24315
In base 9, what is -228 + 6?
-222
In base 12, what is 427 + 195?
600
In base 12, what is -7a33 - 